+ 14. Determine t(-10).
-6
Let p(o) = 9*o**2 - 11*o - 7. Calculate p(3).
41
Let v(k) = -k**3 - 34*k**2 + 68*k - 147. Determine v(-36).
-3
Let r(j) = -2*j**2 + 12*j + 27. Determine r(8).
-5
Let o(h) = -22*h - 79. Determine o(-4).
9
Let j(u) = u**3 - 6*u**2 - 15*u - 10. Calculate j(8).
-2
Let k(n) = -2*n + 37. Determine k(19).
-1
Let l(n) = -9*n + 6. Give l(3).
-21
Let x(k) = k**3 + k**2 + k + 1. Calculate x(-1).
0
Let r(v) = v**2 + 9*v - 3. Calculate r(-9).
-3
Let m(t) = -2*t**3 - 4*t**2 - 4*t - 2. Determine m(-1).
0
Let w(a) = -4*a + 8. Calculate w(4).
-8
Let a(r) = r + 8. What is a(-7)?
1
Let o(m) = 2*m**2 - 13*m - 5. Calculate o(7).
2
Let s(f) = 2*f**2 + 7*f + 5. Determine s(-4).
9
Let r(h) = -h**2 + h + 9. What is r(-7)?
-47
Let p(f) = -f**2 + f + 5. Calculate p(-4).
-15
Let m(s) = s**3 - 2*s**2 + 4*s - 7. Calculate m(3).
14
Let j(a) = 4*a + 5. Determine j(-6).
-19
Let u(k) = 3*k**3 - 16*k**2 + 4*k + 4. Calculate u(5).
-1
Let t(y) = -34*y**3 + y + 1. What is t(-1)?
34
Let j(i) = -i**3 - 10*i**2 + 7*i - 12. Give j(-11).
32
Let h(x) = -x**3 - 16*x**2 - 3. Determine h(-16).
-3
Let y(u) = -25*u**2 - u. Calculate y(1).
-26
Let v(o) = -5*o + 2. Calculate v(3).
-13
Let m(i) = -3*i**2 + 11*i - 2. Calculate m(3).
4
Let l(c) = c + 15. What is l(15)?
30
Let p(h) = h**3 - 49. Give p(0).
-49
Let w(d) = -5*d + 41. Calculate w(0).
41
Let g(t) = -t + 7. What is g(-5)?
12
Let n(t) = -t**2 - 11*t - 5. Determine n(-10).
5
Let t(u) = 32*u + 1. Give t(2).
65
Let z(d) = d + 17. What is z(8)?
25
Let a(x) = -x + 17. Calculate a(4).
13
Let z(q) = q**3 + 14*q**2 + 37*q + 150. What is z(-12)?
-6
Let w(s) = s**2 + 2*s - 4. What is w(5)?
31
Let a(g) = g**3 + 8*g**2 + 9*g + 68. What is a(-8)?
-4
Let m(i) = 15*i + 156. Give m(-10).
6
Let o(c) = -c**2 + 9*c - 1. What is o(5)?
19
Let h(p) = -p**2 - 10*p + 19. Determine h(2).
-5
Let v(u) = u**2 - 16*u + 4. Calculate v(14).
-24
Let b(t) = -23*t - 306. What is b(-13)?
-7
Let l(j) = -j**2 + 10*j - 32. What is l(5)?
-7
Let x(v) = -2*v + 6. Determine x(5).
-4
Let m(q) = -q**2 - 14*q - 49. Determine m(-9).
-4
Let c(o) = -4*o - 217. Determine c(-51).
-13
Let m(u) = -u**2 + u + 21. Give m(-5).
-9
Let d(g) = -g**2 + 5*g + 11. Calculate d(10).
-39
Let n(s) = 6*s - 3. Determine n(5).
27
Let n(a) = a**2 + 10*a - 4. Calculate n(-10).
-4
Let d(m) = 4*m**2 - 2*m + 3. What is d(3)?
33
Let d(u) = -u**2 + 15*u - 42. What is d(11)?
2
Let h(g) = g**2 - 15*g + 46. What is h(9)?
-8
Let i(v) = 4*v - 58. Give i(15).
2
Let a(o) = o + 5. Determine a(6).
11
Let x(h) = h**3 + 11*h**2 + 21*h - 10. Calculate x(-9).
-37
Let p(y) = -3*y**2 + 3*y + 30. What is p(9)?
-186
Let i(l) = -l**3 - 10*l**2 + 55*l + 4. What is i(4)?
0
Let y(n) = n**3 - 5*n**2 + 5. Calculate y(6).
41
Let s(l) = -l**3 - 5*l**2 - l - 17. Calculate s(-5).
-12
Let h(p) = 2*p**2 - 4. Calculate h(0).
-4
Let y(w) = w**3 + 6*w**2 - 2. Calculate y(-7).
-51
Let p(o) = -o**3 - 18*o**2 - 9*o + 22. What is p(-17)?
-114
Let a(o) = o**3 + 11*o**2 + 7*o - 22. Calculate a(-10).
8
Let a(n) = 8*n**2 + 400*n + 4. Calculate a(-50).
4
Let s(r) = 3*r + 5. What is s(-2)?
-1
Let j(d) = -d**2 - 19. Calculate j(0).
-19
Let k(r) = r - 27. Give k(0).
-27
Let m(i) = -4*i**2 + 27*i - 15. Determine m(6).
3
Let f(k) = -2*k**2 - 17*k + 16. Calculate f(-9).
7
Let q(z) = -58*z + 3. What is q(-1)?
61
Let k(h) = h**3 + 14*h**2 + h + 19. Calculate k(-14).
5
Let t(u) = -3*u - 8. Give t(-3).
1
Let u(h) = -6*h + 5. What is u(4)?
-19
Let y(x) = -11*x - 256. Calculate y(-23).
-3
Let l(d) = d**3 - 10*d + 9. Give l(3).
6
Let y(m) = 8*m + 162. Give y(-20).
2
Let b(j) = j**3 + 15*j**2 + 45*j. Give b(-4).
-4
Let r(o) = -o + 7. What is r(10)?
-3
Let b(d) = -d**2 + 3*d. Determine b(4).
-4
Let z(j) = -j**2 + 2*j + 44. Determine z(7).
9
Let x(g) = 5*g + 4. Determine x(2).
14
Let a(v) = -v**3 - 10*v**2 - 9*v + 1. Calculate a(-9).
1
Let x(r) = -r**2 + 36*r - 221. Give x(25).
54
Let m(v) = -6*v + 3. Give m(1).
-3
Let g(d) = -d**2 + 12*d - 19. Calculate g(9).
8
Let g(a) = -86*a - 260. Give g(-3).
-2
Let b(h) = h**3 + 14*h**2 - 17*h + 1. Calculate b(-15).
31
Let o(b) = b - 16. Calculate o(11).
-5
Let v(h) = h**2 + 16*h - 6. Determine v(-20).
74
Let p(s) = -3*s**3 - 3*s**2 + 2. What is p(1)?
-4
Let s(w) = w**3 - 5*w**2 - 5*w + 1. What is s(5)?
-24
Let h(a) = a + 7. Calculate h(-12).
-5
Let v(i) = 2*i. Determine v(-5).
-10
Let j(s) = -10*s + 1. Calculate j(2).
-19
Let v(q) = 7*q + 8. Give v(-7).
-41
Let t(m) = -m**3 - 8*m**2 - 7*m - 5. Determine t(-7).
-5
Let k(w) = w**2. What is k(-3)?
9
Let g(z) = z**3 - 12*z**2 + 21*z - 3. Determine g(10).
7
Let k(b) = 3*b**2 - b - 10. Calculate k(3).
14
Let n(d) = -4*d**2 - 8*d + 2. Determine n(-3).
-10
Let b(y) = -2*y**3 + 2*y**2 - 1. Give b(-3).
71
Let f(a) = 5*a - 4. Calculate f(-6).
-34
Let g(a) = -a**2 - 15*a + 48. Calculate g(-18).
-6
Let i(x) = -x**2 + 12*x + 18. Determine i(13).
5
Let a(o) = -5*o**3 + 3*o**2 + o - 4. Give a(-2).
46
Let p(i) = -i**3 - 10. Calculate p(0).
-10
Let c(a) = -a - 26. Calculate c(-20).
-6
Let z(p) = -7*p + 17. Determine z(6).
-25
Let n(p) = -p**2 - 5*p - 4. What is n(-9)?
-40
Let z(x) = -4*x + 101. Calculate z(0).
101
Let a(u) = -15*u**2 + 4. Determine a(2).
-56
Let l(q) = -10*q - 1. Give l(13).
-131
Let z(m) = 6*m**2 + 3*m + 1. Calculate z(-2).
19
Let b(m) = m**2 + 21*m - 45. Determine b(-23).
1
Let h(j) = -6*j**2 - 5*j + 4. Give h(1).
-7
Let o(n) = -15*n**2 + n - 5. Calculate o(2).
-63
Let g(c) = -c**2 + 3*c - 6. Determine g(4).
-10
Let z(n) = -5*n**3 - 2*n**2 - 4*n. Calculate z(-2).
40
Let l(r) = 6*r**2 - 18*r - 10. What is l(3)?
-10
Let h(z) = -7*z**2 - 3*z. Determine h(3).
-72
Let q(t) = -2*t**2 + 19*t - 2. Determine q(8).
22
Let m(h) = -3*h - 4. Determine m(-3).
5
Let n(l) = -3*l**2 + 12*l - 5. Give n(2).
7
Let d(o) = 2*o**2 + 28*o + 76. Give d(-3).
10
Let r(n) = -9*n - 3. Calculate r(0).
-3
Let m(b) = 5*b**2 - 4*b + 11. Determine m(4).
75
Let y(s) = -10*s - 133. What is y(-11)?
-23
Let s(r) = -6*r - 3. Determine s(6).
-39
Let t(s) = s**2 + 15*s + 11. Determine t(-13).
-15
Let g(o) = o**2 + 4*o + 1. Calculate g(-3).
-2
Let s(x) = -4*x. Determine s(3).
-12
Let k(u) = u**3 + 12*u**2 - 15*u + 7. Determine k(-13).
33
Let x(n) = n**2 + 13*n + 14. Determine x(-10).
-16
Let w(o) = o**3 - 6*o**2 - 5*o - 13. Give w(7).
1
Let k(w) = w**2 + 21*w - 236. Calculate k(-29).
-4
Let r(j) = -2*j**2 + 17*j + 7. What is r(10)?
-23
Let k(p) = p**2 + 2*p - 19. Give k(3).
-4
Let l(g) = g**2 + 9*g - 73. Calculate l(-15).
17
Let z(a) = -8*a**2 - 4*a + 9. Give z(2).
-31
Let d(u) = -12*u + 6. Calculate d(4).
-42
Let f(q) = q**3 + 12*q**2 + 44*q + 350. What is f(-11)?
-13
Let o(v) = v - 2. What is o(8)?
6
Let h(c) = c**3 - 15*c**2 + 16*c - 17. Determine h(14).
11
Let h(n) = -n**3 - 5*n**2 - n - 5. Give h(-4).
-17
Let u(f) = -f**2 + 11*f - 1. What is u(5)?
29
Let g(r) = 11*r**2 + 73*r - 30. Give g(-7).
-2
Let o(w) = 10*w - 567. Calculate o(56).
-7
Let c(f) = -f**3 + 5*f**2 + 4*f - 8. What is c(6)?
-20
Let x(r) = r**3 + 49*r**2 + 3*r + 157. Determine x(-49).
10
Let r(n) = -n**2 - 7*n - 26. What is r(-4)?
-14
Let a(f) = -f**3 + 7*f**2 - 3*f + 12. Give a(7).
-9
Let f(v) = 33*v + 423. What is f(-13)?
-6
Let w(t) = -3*t - 31. What is w(-12)?
5
Let h(r) = 2*r**3 - 2*r**2 + 4*r - 3. What is h(1)?
1
Let u(j) = -j**3 + 6*j**2 + 5*j - 5. Calculate u(6).
25
Let j(w) = -6*w + 13. What is j(3)?
-5
Let r(v) = -v**3 - 8*v**2 - 4*v + 10. What is r(-6)?
-38
Let u(l) = l**2 - 6*l - 6. Determine u(0).
-6
Let r(p) = p**3 - 7*p**2 - p - 3. What is r(7)?
-10
Let a(z) = z**3 + 10*z**2 - 26*z - 30. What is a(-12)?
-6
Let f(d) = 12*d + 2. Determine f(-1).
-10
Let n(u) = -u**2 - u + 14. Give n(0).
14
Let p(g) = -g**2 - 8*g - 3. Give p(-11).
-36
Let l(i) = 3*i - 1. What is l(-1)?
-4
Let q(x) = -x**2 - 37*x - 301. Give q(-12).
-1
Let f(i) = -i**2 - 12*i - 7. Give f(-10).
13
Let l(h) = -h**3 + 10*h. Calculate l(-3).
-3
Let w(l) = 93*l**3 + 2*l + 1. Determine w(-1).
-94
Let c(i) = -i**2 + 3*i - 3. Calculate c(1).
-1
Let j(n) = -n**3 + 2*n**2 + 13*n - 5. Give j(5).
-15
Let j(i) = -2*i - 28. Determine j(-17).
6
Let s(z) = z**3 - z**2 + z + 6. Determine s(0).
6
Let w(p) = -15*p**3 - 4*p + 5. Give w(1).
-14
Let t(b) = -9*b**3 + 2*b**2 + 5*b - 9. Determine t(2).
-63
Let g(w) = 2*w**2 - 14*w + 12. What is g(6)?
0
Let i(j) = 